20.
2, 3, 5, 1536589
What are the prime factors of 793894796?
2, 59, 3363961
What are the prime factors of 14002482?
2, 3, 13, 179519
List the prime factors of 1382229847.
839, 1647473
What are the prime factors of 2814979290?
2, 3, 5, 93832643
List the prime factors of 573368052.
2, 3, 47780671
What are the prime factors of 110793704?
2, 7, 109, 2593
What are the prime factors of 48789179?
48789179
List the prime factors of 7097399325.
3, 5, 31543997
List the prime factors of 761028854.
2, 89, 751, 5693
What are the prime factors of 258585927?
3, 86195309
What are the prime factors of 36220261?
7, 11, 41, 149
What are the prime factors of 186041031?
3, 11, 181, 31147
What are the prime factors of 1048641649?
11, 479, 199021
List the prime factors of 206236402.
2, 163, 632627
List the prime factors of 147083291.
67, 2195273
List the prime factors of 1226755686.
2, 3, 13, 43, 365759
What are the prime factors of 689545287?
3, 76616143
List the prime factors of 163658798.
2, 41, 48679
What are the prime factors of 38138837?
11, 17, 18541
What are the prime factors of 5368839439?
31, 6427, 26947
List the prime factors of 431316377.
431316377
List the prime factors of 153883848.
2, 3, 89, 72043
What are the prime factors of 746607649?
17, 43918097
What are the prime factors of 1193568199?
1193568199
List the prime factors of 83913585.
3, 5, 7, 103, 7759
List the prime factors of 2368927193.
109, 349, 62273
List the prime factors of 82176155.
5, 157, 104683
List the prime factors of 1302607920.
2, 3, 5, 139, 39047
What are the prime factors of 23624994?
2, 3, 3937499
What are the prime factors of 2204299701?
3, 113, 19181
What are the prime factors of 6032827528?
2, 7, 13, 307, 26993
What are the prime factors of 38510541?
3, 4278949
What are the prime factors of 64625074?
2, 32312537
List the prime factors of 39378516.
2, 3, 3281543
List the prime factors of 13622695.
5, 17, 139, 1153
List the prime factors of 364579388.
2, 107, 851821
What are the prime factors of 893214242?
2, 3491, 127931
List the prime factors of 134158088.
2, 19, 809, 1091
What are the prime factors of 138455067?
3, 46151689
What are the prime factors of 783588046?
2, 7853, 49891
List the prime factors of 395927853.
3, 10663, 12377
What are the prime factors of 1309937547?
3, 1093, 399493
List the prime factors of 295283762.
2, 181, 199, 4099
List the prime factors of 4770693292.
2, 31, 38473333
List the prime factors of 6432867224.
2, 7, 114872629
What are the prime factors of 1482910461?
3, 19, 8671991
What are the prime factors of 489464704?
2, 31, 293, 421
What are the prime factors of 3008169836?
2, 7, 41, 113, 23189
What are the prime factors of 407030829?
3, 67, 2025029
List the prime factors of 549767168.
2, 331, 811
List the prime factors of 200856929.
7, 13, 29, 83, 131
List the prime factors of 673384868.
2, 13, 571, 22679
List the prime factors of 465010286.
2, 13, 367, 48733
What are the prime factors of 2327984352?
2, 3, 17, 37, 71, 181
What are the prime factors of 161887598?
2, 41, 1974239
What are the prime factors of 855312324?
2, 3, 4253, 16759
What are the prime factors of 44036929?
103, 229, 1867
List the prime factors of 24345877.
29, 757, 1109
What are the prime factors of 973458327?
3, 324486109
What are the prime factors of 1397691441?
3, 155299049
What are the prime factors of 26339626?
2, 13169813
List the prime factors of 165847941.
3, 7, 19, 349, 397
List the prime factors of 169055284.
2, 42263821
What are the prime factors of 1226493676?
2, 23, 13331453
What are the prime factors of 1409996560?
2, 5, 7, 31, 41, 283
What are the prime factors of 47568933?
3, 277, 19081
What are the prime factors of 615168975?
3, 5, 8202253
List the prime factors of 170056563.
3, 56685521
What are the prime factors of 32207878?
2, 41, 47, 61, 137
List the prime factors of 89835044.
2, 13, 1727597
List the prime factors of 35290998.
2, 3, 653537
What are the prime factors of 225628659?
3, 928513
What are the prime factors of 1912310358?
2, 3, 7, 6504457
What are the prime factors of 1888904915?
5, 349, 1082467
List the prime factors of 383428135.
5, 76685627
What are the prime factors of 3256598181?
3, 29, 47, 67, 11887
List the prime factors of 3375058301.
3375058301
List the prime factors of 1801737751.
11, 983, 166627
List the prime factors of 173922971.
17, 10230763
List the prime factors of 276367338.
2, 3, 13, 1181057
What are the prime factors of 1828828552?
2, 228603569
What are the prime factors of 98569253?
1571, 62743
List the prime factors of 4119482992.
2, 5059, 50893
What are the prime factors of 506128190?
2, 5, 41, 83, 107, 139
List the prime factors of 29155516.
2, 13, 560683
What are the prime factors of 64001451?
3, 41, 47, 11071
What are the prime factors of 59492529?
3, 2203427
What are the prime factors of 31786020?
2, 3, 5, 7, 2803
List the prime factors of 54082040.
2, 5, 131, 10321
List the prime factors of 572857766.
2, 13, 3877, 5683
List the prime factors of 152693732.
2, 4861, 7853
What are the prime factors of 2072502873?
3, 7, 97, 48449
What are the prime factors of 3764749002?
2, 3, 7, 131, 389, 1759
What are the prime factors of 3969660?
2, 3, 5, 66161
What are the prime factors of 42246541?
5857, 7213
List the prime factors of 486035626.
2, 37, 6568049
List the prime factors of 72421806.
2, 3, 19, 635279
List the prime factors of 29135925.
3, 5, 7, 13, 1423
What are the prime factors of 1303777704?
2, 3, 54324071
List the prime factors of 242394745.
5, 47, 109, 9463
List the prime factors of 343636130.
2, 5, 17, 271, 7459
List the prime factors of 33765881.
47, 718423
List the prime factors of 2881742747.
13, 1181, 187699
List the prime factors of 104751085.
5, 19, 23, 191, 251
List the prime factors of 487714182.
2, 3, 81285697
List the prime factors of 79059845.
5, 15811969
What are the prime factors of 1500582408?
2, 3, 13, 4809559
What are the prime factors of 4273566?
2, 3, 11, 73, 887
What are the prime factors of 107024425?
5, 1801, 2377
List the prime factors of 215682047.
7, 157, 229, 857
What are the prime factors of 3567241077?
3, 29, 37, 373, 2971
List the prime factors of 3382124916.
2, 3, 11743, 24001
List the prime factors of 456122073.
3, 11, 13821881
What are the prime factors of 14874267?
3, 41, 120929
List the prime factors of 529197615.
3, 5, 631, 18637
What are the prime factors of 2621202203?
857, 3058579
What are the prime factors of 4816325062?
2, 613, 3928487
List the prime factors of 3845338407.
3, 439, 324419
What are the prime factors of 6267112315?
5, 1181, 1061323
List the prime factors of 1393046375.
5, 7, 107, 14879
What are the prime factors of 177834098?
2, 13, 139, 49207
List the prime factors of 61960766.
2, 7, 643, 6883
List the prime factors of 547554461.
1549, 353489
What are the prime factors of 771154259?
37, 20842007
List the prime factors of 100142015.
5, 1487, 13469
What are the prime factors of 125411370?
2, 3, 5, 7, 29, 20593
List the prime factors of 568224288.
2, 3, 479, 1373
List the prime factors of 188799265.
5, 2633, 14341
List the prime factors of 1340434781.
7, 19, 29, 347533
List the prime factors of 2399086750.
2, 5, 17, 564491
What are the prime factors of 106098307?
7, 487, 31123
What are the prime factors of 101255878?
2, 29, 137, 12743
What are the prime factors of 669048617?
17, 397, 99133
What are the prime factors of 16467055?
5, 11, 299401
What are the prime factors of 2122082237?
11, 809, 238463
List the prime factors of 105821553.
3, 1033, 34147
What are the prime factors of 17976928?
2, 337, 1667
List the prime factors of 492916417.
7, 61, 179, 6449
List the prime factors of 3217631079.
3, 13, 82503361
What are the prime factors of 199758744?
2, 3, 924809
List the prime factors of 5197270465.
5, 43, 139, 173909
What are the prime factors of 59096741?
11, 599, 8969
List the prime factors of 776833636.
2, 211, 920419
What are the prime factors of 1010807746?
2, 13, 38877221
What are the prime factors of 12859472?
2, 803717
List the prime factors of 715171704.
2, 3, 13, 19, 223, 541
List the prime factors of 40209116.
2, 10052279
What are the prime factors of 54281052?
2, 3, 7, 47, 4583
What are the prime factors of 306442621?
19, 37, 435907
What are the prime fac